me factors of 4/2*w/u?
5
Let d = -57 + 129. What are the prime factors of d?
2, 3
Let l be (-2)/13 - 1232/104. What are the prime factors of (63/l)/(12/(-112))?
7
Let z be (1 + -1*2)*-3. Let o be z/(1/(-1))*-13. Suppose -5*h = -o + 4. List the prime factors of h.
7
Let h(l) = -1 - 6*l + 0*l - l**2 + 2. Suppose n + 30 = 5*z, -5 = -2*n - 6*z + 3*z. What are the prime factors of h(n)?
2, 3
Let z(r) = r + 3. Let w be z(-3). Let x = 16 - w. List the prime factors of x.
2
Let l(h) = h**2 - 15. Let o be l(0). Let j be 4085/o + 2/6. What are the prime factors of j/(-28) + 2/7?
2, 5
Let v be (0 + 2 - 3)*-6. Suppose 22 = a - 4*w - w, 3*w + 16 = 2*a. Suppose 5*m = v*m - a. List the prime factors of m.
2
Suppose -o = 2*u - 7, 5*o + u - 21 = -2*u. Suppose -q = 3*h - o - 3, 3*q = 5*h + 88. List the prime factors of q.
3, 7
Let y(c) = 0*c**2 + c**2 - 11*c - 2*c**2 - 2. Let l be y(-5). Let n = 39 - l. What are the prime factors of n?
11
Let q = -17 + 32. Suppose 3*f - 4*a - q = 0, a + 2 = -f - 0. Let y = f - -8. List the prime factors of y.
3
Let a be 35/15 - (-1)/(-3). Suppose 0 = 3*z + 9, 7*c - 19 = a*c + 3*z. Suppose -n + c*n = 6. What are the prime factors of n?
2, 3
Suppose 3*x = b - 2*b + 36, -230 = -5*b - 5*x. What are the prime factors of b?
3, 17
Suppose -3*a = 4*g - 621, -2*g - 497 = -5*g + 4*a. List the prime factors of g.
3, 53
Let u be -1 + 35 + (-6)/3. Let y be ((-6)/4)/(3/u). Let f = y + 30. List the prime factors of f.
2, 7
Let h(q) = q**3 + 2*q**2 - 4*q - 1. Let y be h(-3). Suppose 0*z + z = y. Suppose 0 = z*p + 2*p - 60. List the prime factors of p.
3, 5
What are the prime factors of 32 + 6/(-3) + -1?
29
Suppose -r + 4*j - 2 = -5, 75 = 4*r + 5*j. Let h = 22 + -27. Let l = r + h. What are the prime factors of l?
2, 5
Suppose 0 = 4*r - 0*r - 108. Let c be 5/(-25) - (-271)/5. Suppose 4*g = 3*i - 5*i + c, -3*i - r = -3*g. What are the prime factors of g?
2, 3
Let x(v) = 104*v**2 - v. List the prime factors of x(-1).
3, 5, 7
Suppose 0*p + 3 = -i - p, -3*i + 16 = -2*p. List the prime factors of 2 + -9*(i - 3).
11
What are the prime factors of 1/(((-3)/(-11))/3)?
11
Let z = -4 + -2. What are the prime factors of z/(-12) + 37/2?
19
Let o = 27 - 10. Let y = -14 + o. What are the prime factors of y?
3
Suppose -5*q - y = -19 - 23, q = -4*y + 16. Let p = q - 8. Suppose 2*c = 3*v + 25, -v - 43 = -p*c - 5*c. What are the prime factors of c?
2
Let x(t) = -t**3 + 8*t**2 + 3*t - 3. What are the prime factors of x(8)?
3, 7
Let r(h) = -2 + 3 + 2*h - 2 - 3*h**2 - 2*h**3 + 2*h**2. List the prime factors of r(-2).
7
Let a = 5 + 80. List the prime factors of a.
5, 17
Let j be (-29 - -2)*(-2 - -3). Let u be (-6)/(-4)*(-1 - j). What are the prime factors of 1/5 - u/(-5)?
2
Let s(j) = -j**2 + j - 4 - j - 5*j + 2. What are the prime factors of s(-3)?
2
Suppose 0 = 2*v + 2*v. Suppose 0*z - 2*z + 22 = v. List the prime factors of z.
11
Let i(p) = -5*p + 1. What are the prime factors of i(-7)?
2, 3
Let u be (-6 + 2/(-2))*-1. Suppose 5*c = 2*s + s + 19, 0 = 5*s - c - 5. Suppose s*b + q = u, -19 = -5*b - 2*q - 2*q. What are the prime factors of b?
3
Let o(c) = 2*c**3 + c + 13. Let t(w) = w**3 + w. Let k(d) = o(d) - t(d). What are the prime factors of k(0)?
13
Let i(q) = q**2 - q + 2. Let s be i(2). Suppose 0 = -s*u + 112 + 48. What are the prime factors of u?
2, 5
List the prime factors of 5*(-5)/(-50)*4.
2
Suppose -6*k + 49 = -5*k. What are the prime factors of k?
7
Let i = 8 + -5. Suppose -2 = -h + i. Suppose 0 = -h*j + j + 32. List the prime factors of j.
2
List the prime factors of ((-10)/(-6) + -1)*(1 - -74).
2, 5
Let j(r) = -r + 1. Let c(h) = -h**3 + 7*h**2 + 3*h + 5. Let o(z) = -c(z) - 3*j(z). Let u be o(7). Let a = 11 + u. List the prime factors of a.
3
Let j = 347 - 193. List the prime factors of j.
2, 7, 11
Let x = -11 - -14. Suppose -u + 26 = -0*u + m, -x*m = 2*u - 52. What are the prime factors of u?
2, 13
Suppose -n = -d + 4, -6 = -3*d + 4*n + 9. Let w = d + 1. Suppose -w*f = -6*a + 3*a - 6, -4*a = 4*f - 52. List the prime factors of f.
3
Let h be (-4)/(-2)*(-2)/4. List the prime factors of (h - -13) + (8 - 5).
3, 5
Suppose -i + 2 = 0, 4*i + 0*i = -4*f + 80. List the prime factors of f.
2, 3
Let c(w) = 3*w - 5. Let z = -14 - -4. Let q = 15 + z. What are the prime factors of c(q)?
2, 5
Let x(c) = c. Let p be x(5). Let t be (6/4)/(((-132)/(-40))/11). Suppose -4*r - 3 = -t*b - 16, r + p*b - 22 = 0. What are the prime factors of r?
7
Let c(h) = -h**3 - 7*h**2 + h + 2. Let n be c(-7). Let g be (n + -3)/((-4)/(-6)). What are the prime factors of (-92)/g + (-4)/6?
7
Let q(l) = -14*l. Let s be q(-2). Let g = 64 - s. Suppose 5*n - g = n. What are the prime factors of n?
3
Suppose 0 = -2*x - 8 + 44. What are the prime factors of x?
2, 3
Let o(r) = -2*r**2 - 31*r + 3. What are the prime factors of o(-15)?
2, 3
Suppose -5*k + 90 = 3*w, 3*k = -2*w + 2 + 58. Let a = 14 + w. Suppose 1 = -3*f + n + a, -47 = -3*f + 2*n. List the prime factors of f.
13
Let t = 114 + -73. Suppose -19 - t = -2*k. List the prime factors of k.
2, 3, 5
Suppose 0 = 5*c + 432 - 52. Let d be (c/6)/(4/(-6)). Let h = d + -12. List the prime factors of h.
7
Let f = 13 + 11. List the prime factors of f.
2, 3
Let w(u) = 2*u**2 + 7*u - 1. Suppose 4*y + 5 = 3*y. What are the prime factors of w(y)?
2, 7
Suppose 0 = -0*x - 3*x - 21. Let d = -4 - x. What are the prime factors of d?
3
Let l(b) be the second derivative of -b**4/12 + 7*b**3/6 + 5*b**2 + 5*b. Let g(c) = c**3 + 7*c**2 + 6*c + 8. Let z be g(-6). What are the prime factors of l(z)?
2
Let u(x) = 11*x + 3. Let v(f) = -22*f - 6. Let d(t) = -5*u(t) - 2*v(t). Let r be d(-3). Suppose -r - 3 = -3*h. List the prime factors of h.
11
Let b(j) be the second derivative of -j**5/20 + 3*j**4/4 - j**3 - 9*j**2/2 + j. Suppose 0 = 4*f - 3 - 29. What are the prime factors of b(f)?
7
Suppose -2*s + 31 = m, s + 3*s - 131 = -5*m. List the prime factors of m.
23
Suppose 0 = 3*t - x - 489, 0 = 2*x + 3*x. List the prime factors of t.
163
Let r = 0 - -64. List the prime factors of r.
2
Let u(d) = -d**2 + 8*d - 3. Suppose -h + 10 = -2*y, 5*h = 2*y + 33 + 1. Suppose -2*x + h = -0. List the prime factors of u(x).
2, 3
Let r = -250 + 361. What are the prime factors of r?
3, 37
Let c(t) = t + 8. Let k be c(-4). Suppose -7 = -k*v + 1. What are the prime factors of -1*(v + 0 + -13)?
11
Suppose 2*k - 26 = 32. What are the prime factors of k?
29
Suppose -2*g = 5*h - 109, 0 = -g - 3*h + h + 53. List the prime factors of g.
47
Let a(n) = -4*n - 15. List the prime factors of a(-8).
17
Let b(p) = -2 + p + 3 + 3*p**2 + 0*p**2 + 3*p. List the prime factors of b(-3).
2
Let u = 24 - 24. Suppose -4*m + 12 = -3*q, -2*m + 6*m + 3*q - 36 = 0. Suppose u = d - a - m, d = 5*a + 1 - 11. List the prime factors of d.
2, 5
Let m(l) = -l**2 + 21*l - 21. List the prime factors of m(12).
3, 29
Suppose -6 = 3*n + 12. Let c be 2/6 - 58/n. Let w(h) = -h**3 + 11*h**2 - 9*h - 3. List the prime factors of w(c).
7
Let v = -3 + 8. Suppose v*b = -h + 11, 2*b + 5*h + 1 = 10. What are the prime factors of b?
2
Suppose 26 = 4*x + 2*c, -c = -3*x - 3*c + 22. List the prime factors of (-2)/x + (-28)/(-8).
3
Suppose -5*n + 64 = -n. List the prime factors of n.
2
Let i(p) = -15*p + 47. List the prime factors of i(-22).
13, 29
Let l(s) = 40*s - 2. List the prime factors of l(1).
2, 19
Suppose -2*v + 3 = -h, v + 2*h - 12 = -h. Suppose -v*i = -8*i + 30. Suppose -i*r = -2*r - 16. List the prime factors of r.
2
Suppose -5*c + 365 = -25. List the prime factors of c.
2, 3, 13
Let d = -63 + 116. List the prime factors of d.
53
Suppose 0 = 14*w - 17*w + 249. List the prime factors of w.
83
Suppose -2*g = -4*h + 24, 0 = 5*h + 4*g - 55 - 1. What are the prime factors of h?
2
Suppose 4*g + g = 3*z + 49, 0 = -4*g + z + 35. Suppose -3*j = 3*y + g + 25, 3*y - 4*j = -5. Let x = -4 - y. What are the prime factors of x?
3
Let k = 3 - 5. What are the prime factors of 3/(-2)*k - -9?
2, 3
Suppose 0 = -0*f + f - 2. Suppose -f*a + 4*v = -0*a, -40 = -2*a - 4*v. What are the prime factors of a/25 + 23/5?
5
Let i(l) = 2*l**2 + 23*l - 22. List the prime factors of i(-13).
17
Let f(a) = -a**2 + a + 1. Let n be f(-1). Let w be 3/(44/(-46) - n). Suppose h - w = -3*b - 2*b, 2*h - 40 = -3*b. What are the prime factors of b?
2, 7
Let c(g) = g**2 - 9*g